is the remainder when 62153 is divided by 15522?
65
Calculate the remainder when 1127905 is divided by 6014.
3287
Calculate the remainder when 5575573 is divided by 172.
21
Calculate the remainder when 10396240 is divided by 41.
34
What is the remainder when 881095 is divided by 979?
974
What is the remainder when 37331429 is divided by 6221901?
23
Calculate the remainder when 19420 is divided by 18364.
1056
Calculate the remainder when 216719 is divided by 54166.
55
Calculate the remainder when 2888887 is divided by 73.
58
Calculate the remainder when 10118546 is divided by 2699.
2694
Calculate the remainder when 28834 is divided by 4761.
268
Calculate the remainder when 507680875 is divided by 7972.
7971
Calculate the remainder when 97097 is divided by 95632.
1465
What is the remainder when 16575618 is divided by 4827?
4527
What is the remainder when 435286 is divided by 217090?
1106
Calculate the remainder when 9573555 is divided by 59.
38
What is the remainder when 1770769 is divided by 51?
49
What is the remainder when 1005501 is divided by 38673?
3
Calculate the remainder when 1456547 is divided by 8671.
8490
Calculate the remainder when 15754628 is divided by 331.
21
Calculate the remainder when 4302574 is divided by 537820.
14
What is the remainder when 105518 is divided by 449?
3
What is the remainder when 1408650 is divided by 140680?
1850
What is the remainder when 1175409 is divided by 42?
39
What is the remainder when 168829833 is divided by 31?
20
What is the remainder when 6353892 is divided by 15573?
108
Calculate the remainder when 695351 is divided by 570.
521
What is the remainder when 4315235 is divided by 17613?
50
What is the remainder when 571889 is divided by 276?
17
What is the remainder when 3721848 is divided by 1860916?
16
What is the remainder when 3912295 is divided by 3740?
255
Calculate the remainder when 25025067 is divided by 105.
102
What is the remainder when 564552 is divided by 112702?
1042
Calculate the remainder when 81864 is divided by 16335.
189
Calculate the remainder when 4036220 is divided by 5039.
5020
What is the remainder when 3925191 is divided by 936?
543
What is the remainder when 568961 is divided by 7688?
49
Calculate the remainder when 19563185 is divided by 8021.
7987
Calculate the remainder when 815151 is divided by 12.
3
What is the remainder when 425899 is divided by 885?
214
Calculate the remainder when 796064 is divided by 731.
5
What is the remainder when 71888 is divided by 35921?
46
Calculate the remainder when 1772442 is divided by 42200.
42
Calculate the remainder when 4718705 is divided by 2336.
2321
What is the remainder when 53211938 is divided by 107?
89
What is the remainder when 114754263 is divided by 33?
30
What is the remainder when 36956 is divided by 34322?
2634
What is the remainder when 39070407 is divided by 4935?
12
Calculate the remainder when 29013081 is divided by 491747.
8
What is the remainder when 144823 is divided by 168?
7
What is the remainder when 34326285 is divided by 17163136?
13
What is the remainder when 13161034 is divided by 888?
874
Calculate the remainder when 70399 is divided by 442.
121
What is the remainder when 1718702 is divided by 69?
50
Calculate the remainder when 101014875 is divided by 6006.
5967
Calculate the remainder when 536626 is divided by 35618.
2356
Calculate the remainder when 57182241 is divided by 181.
178
Calculate the remainder when 37257355 is divided by 797.
793
Calculate the remainder when 289003 is divided by 144231.
541
Calculate the remainder when 742516 is divided by 53.
39
What is the remainder when 124944374 is divided by 17849195?
9
Calculate the remainder when 4339350 is divided by 19.
16
What is the remainder when 40959712 is divided by 85?
82
What is the remainder when 6444299 is divided by 1611074?
3
What is the remainder when 5796201 is divided by 113651?
0
Calculate the remainder when 382140 is divided by 232.
36
Calculate the remainder when 11591 is divided by 1166.
1097
Calculate the remainder when 15409353 is divided by 359.
355
Calculate the remainder when 11960128 is divided by 132.
4
Calculate the remainder when 90740 is divided by 390.
260
What is the remainder when 418766 is divided by 1250?
16
What is the remainder when 656745 is divided by 662?
41
Calculate the remainder when 885178 is divided by 38484.
46
Calculate the remainder when 293227 is divided by 41872.
123
What is the remainder when 1105719 is divided by 7371?
69
What is the remainder when 4849047 is divided by 27?
9
What is the remainder when 34733981 is divided by 42566?
125
What is the remainder when 144245 is divided by 51?
17
Calculate the remainder when 24957 is divided by 11788.
1381
What is the remainder when 732545 is divided by 45525?
4145
What is the remainder when 30658016 is divided by 126686?
4
Calculate the remainder when 1149739 is divided by 1950.
1189
Calculate the remainder when 173940698 is divided by 335.
323
What is the remainder when 160847 is divided by 905?
662
Calculate the remainder when 17457627 is divided by 5188.
7
Calculate the remainder when 13664175 is divided by 650673.
42
What is the remainder when 121492 is divided by 2363?
979
What is the remainder when 16543 is divided by 32?
31
Calculate the remainder when 11340453 is divided by 1030950.
3
Calculate the remainder when 387738 is divided by 331.
137
What is the remainder when 1684805 is divided by 842391?
23
What is the remainder when 2302416 is divided by 892?
164
Calculate the remainder when 1066296 is divided by 1066096.
200
Calculate the remainder when 95619957 is divided by 1912399.
7
What is the remainder when 352328 is divided by 20718?
122
What is the remainder when 1735475 is divided by 34708?
75
Calculate the remainder when 346255 is divided by 1084.
459
What is the remainder when 4312724 is divided by 366?
146
What is the remainder when 370699780 is divided by 4707?
4702
Calculate the remainder when 1202934 is divided by 35374.
218
Calculate the remainder when 18154465 is divided by 11705.
10
What is the remainder when 3908606 is divided by 44?
42
Calculate the remainder when 9462093 is divided by 303.
9
What is the remainder when 27048 is divided by 6262?
2000
Calculate the remainder when 386628 is divided by 193138.
352
What is the remainder when 175167 is divided by 87581?
5
Calculate the remainder when 124279 is divided by 26.
25
Calculate the remainder when 1877216 is divided by 938601.
14
Calculate the remainder when 514580 is divided by 694.
326
Calculate the remainder when 372675 is divided by 227.
168
Calculate the remainder when 13519822 is divided by 2072.
22
What is the remainder when 8330867 is divided by 234?
233
What is the remainder when 26735 is divided by 240?
95
Calculate the remainder when 29970218 is divided by 2965.
2963
Calculate the remainder when 3477269 is divided by 735.
719
What is the remainder when 550552 is divided by 16?
8
Calculate the remainder when 69632922 is divided by 16.
10
What is the remainder when 193751 is divided by 64120?
1391
Calculate the remainder when 84957792 is divided by 98.
24
What is the remainder when 3812736 is divided by 1021?
322
Calculate the remainder when 1506797 is divided by 55807.
8
Calculate the remainder when 81889876 is divided by 504.
460
What is the remainder when 41847 is divided by 5891?
610
Calculate the remainder when 9944643 is divided by 136.
51
Calculate the remainder when 1747093 is divided by 33596.
101
What is the remainder when 1389535 is divided by 40?
15
What is the remainder when 438736 is divided by 1097?
1033
Calculate the remainder when 60886 is divided by 3201.
67
Calculate the remainder when 45539417 is divided by 314.
311
What is the remainder when 36346 is divided by 1783?
686
What is the remainder when 360707 is divided by 2078?
1213
What is the remainder when 12042957 is divided by 5560?
5557
What is the remainder when 37466 is divided by 3630?
1166
What is the remainder when 3179996 is divided by 794988?
44
Calculate the remainder when 4548880 is divided by 2950.
2930
Calculate the remainder when 6257413 is divided by 1564295.
233
Calculate the remainder when 92610396 is divided by 213388.
4
Calculate the remainder when 114785 is divided by 3250